.
2, 31, 53
List the prime factors of 22348.
2, 37, 151
List the prime factors of 8541.
3, 13, 73
What are the prime factors of 2773?
47, 59
What are the prime factors of 12810?
2, 3, 5, 7, 61
List the prime factors of 49321.
31, 37, 43
List the prime factors of 2816.
2, 11
What are the prime factors of 2171?
13, 167
What are the prime factors of 2513?
7, 359
What are the prime factors of 297?
3, 11
What are the prime factors of 3651?
3, 1217
List the prime factors of 117730.
2, 5, 61, 193
List the prime factors of 11852.
2, 2963
List the prime factors of 13704.
2, 3, 571
List the prime factors of 2258.
2, 1129
List the prime factors of 5622.
2, 3, 937
What are the prime factors of 1947?
3, 11, 59
What are the prime factors of 1250?
2, 5
What are the prime factors of 3327?
3, 1109
List the prime factors of 3324.
2, 3, 277
List the prime factors of 39764.
2, 9941
What are the prime factors of 295?
5, 59
What are the prime factors of 4486?
2, 2243
What are the prime factors of 46615?
5, 9323
List the prime factors of 23622.
2, 3, 31, 127
List the prime factors of 20382.
2, 3, 43, 79
List the prime factors of 2554.
2, 1277
What are the prime factors of 3840?
2, 3, 5
List the prime factors of 795.
3, 5, 53
What are the prime factors of 16855?
5, 3371
List the prime factors of 551.
19, 29
List the prime factors of 1299.
3, 433
What are the prime factors of 129?
3, 43
List the prime factors of 1008.
2, 3, 7
List the prime factors of 43884.
2, 3, 23, 53
List the prime factors of 837.
3, 31
List the prime factors of 17119.
17, 19, 53
List the prime factors of 134.
2, 67
What are the prime factors of 51979?
59, 881
What are the prime factors of 10308?
2, 3, 859
What are the prime factors of 465?
3, 5, 31
List the prime factors of 99189.
3, 103, 107
List the prime factors of 75218.
2, 11, 13, 263
What are the prime factors of 11742?
2, 3, 19, 103
What are the prime factors of 995?
5, 199
What are the prime factors of 409?
409
What are the prime factors of 326?
2, 163
List the prime factors of 22002.
2, 3, 19, 193
List the prime factors of 27130.
2, 5, 2713
What are the prime factors of 5934?
2, 3, 23, 43
What are the prime factors of 1573?
11, 13
List the prime factors of 935.
5, 11, 17
List the prime factors of 3941.
7, 563
List the prime factors of 12800.
2, 5
What are the prime factors of 175869?
3, 19541
What are the prime factors of 12726?
2, 3, 7, 101
What are the prime factors of 2044?
2, 7, 73
List the prime factors of 5459.
53, 103
List the prime factors of 3028.
2, 757
What are the prime factors of 787?
787
What are the prime factors of 1651?
13, 127
What are the prime factors of 176481?
3, 19609
What are the prime factors of 35605?
5, 7121
List the prime factors of 1272.
2, 3, 53
What are the prime factors of 501?
3, 167
What are the prime factors of 588?
2, 3, 7
List the prime factors of 168.
2, 3, 7
What are the prime factors of 20367?
3, 31, 73
What are the prime factors of 290?
2, 5, 29
What are the prime factors of 493?
17, 29
List the prime factors of 14858.
2, 17, 19, 23
What are the prime factors of 7663?
79, 97
List the prime factors of 400.
2, 5
What are the prime factors of 161077?
7, 23011
List the prime factors of 17952.
2, 3, 11, 17
What are the prime factors of 998?
2, 499
List the prime factors of 6068.
2, 37, 41
List the prime factors of 530.
2, 5, 53
What are the prime factors of 1064?
2, 7, 19
What are the prime factors of 43138?
2, 21569
List the prime factors of 29947.
29947
What are the prime factors of 77926?
2, 47, 829
What are the prime factors of 3832?
2, 479
List the prime factors of 2649.
3, 883
List the prime factors of 3135.
3, 5, 11, 19
List the prime factors of 3264.
2, 3, 17
What are the prime factors of 2822?
2, 17, 83
List the prime factors of 717.
3, 239
List the prime factors of 984.
2, 3, 41
What are the prime factors of 11096?
2, 19, 73
List the prime factors of 1480.
2, 5, 37
List the prime factors of 1687.
7, 241
List the prime factors of 13119.
3, 4373
List the prime factors of 853.
853
What are the prime factors of 590?
2, 5, 59
List the prime factors of 277.
277
What are the prime factors of 28711?
28711
What are the prime factors of 82248?
2, 3, 23, 149
What are the prime factors of 403?
13, 31
What are the prime factors of 64923?
3, 17, 19, 67
What are the prime factors of 644?
2, 7, 23
List the prime factors of 3061.
3061
What are the prime factors of 23814?
2, 3, 7
List the prime factors of 57969.
3, 19, 113
List the prime factors of 1192.
2, 149
List the prime factors of 97043.
53, 1831
What are the prime factors of 2212?
2, 7, 79
What are the prime factors of 227?
227
List the prime factors of 17324.
2, 61, 71
What are the prime factors of 21719?
37, 587
What are the prime factors of 41042?
2, 20521
List the prime factors of 692.
2, 173
List the prime factors of 52572.
2, 3, 13, 337
List the prime factors of 12634.
2, 6317
List the prime factors of 14679.
3, 7, 233
List the prime factors of 54416.
2, 19, 179
List the prime factors of 692.
2, 173
List the prime factors of 7070.
2, 5, 7, 101
What are the prime factors of 59920?
2, 5, 7, 107
What are the prime factors of 481?
13, 37
What are the prime factors of 4446?
2, 3, 13, 19
List the prime factors of 52032.
2, 3, 271
What are the prime factors of 26617?
43, 619
What are the prime factors of 11868?
2, 3, 23, 43
List the prime factors of 1242.
2, 3, 23
List the prime factors of 20329.
29, 701
List the prime factors of 113.
113
What are the prime factors of 431?
431
What are the prime factors of 1057?
7, 151
What are the prime factors of 1197?
3, 7, 19
What are the prime factors of 15565?
5, 11, 283
List the prime factors of 5307.
3, 29, 61
What are the prime factors of 2772?
2, 3, 7, 11
What are the prime factors of 359?
359
What are the prime factors of 17722?
2, 8861
List the prime factors of 1293.
3, 431
What are the prime factors of 3081?
3, 13, 79
List the prime factors of 2640.
2, 3, 5, 11
List the prime factors of 557.
557
List the prime factors of 11314.
2, 5657
List the prime factors of 86408.
2, 7, 1543
What are the prime factors of 42590?
2, 5, 4259
List the prime factors of 3144.
2, 3, 131
List the prime factors of 29026.
2, 23, 631
List the prime factors of 2794.
2, 11, 127
List the prime factors of 822.
2, 3, 137
What are the prime factors of 3089?
3089
List the prime factors of 6911.
6911
What are the prime factors of 11489?
11489
What are the prime factors of 3423?
3, 7, 163
List the prime factors of 5426.
2, 2713
What are the prime factors of 2975?
5, 7, 17
List the prime factors of 10115.
5, 7, 17
What are the prime factors of 4408?
2, 19, 29
What are the prime factors of 60203?
11, 13, 421
What are the prime factors of 31509?
3, 389
What are the prime factors of 1596?
2, 3, 7, 19
What are the prime factors of 114145?
5, 37, 617
What are the prime factors of 5157?
3, 191
What are the prime factors of 2815?
5, 563
List the prime factors of 1259.
1259
What are the prime factors of 38660?
2, 5, 1933
What are the prime factors of 18730?
2, 5, 1873
What are the prime factors of 1852?
2, 463
What are the prime factors of 3204?
2, 3, 89
List the prime factors of 131101.
131101
What are the prime factors of 1392?
2, 3, 29
List the prime factors of 1560.
2, 3, 5, 13
List the prime factors of 15428.
2, 7, 19, 29
List the prime factors of 586.
2, 293
List the prime factors of 9288.
2, 3, 43
List the prime factors of 2138.
2, 1069
What are the prime factors of 1177?
11, 107
List the prime factors of 7521.
3, 23, 109
List the prime factors of 1036.
2, 7, 37
List the prime factors of 2288.
2, 11, 13
What are the prime factors of 1485?
3, 5, 11
What are the prime factors of 2537?
43, 59
What are the prime factors of 1643?
31, 53
List the prime factors of 6322.
2, 29, 109
List the prime factors of 1331.
11
What are the prime factors of 20157?
3, 6719
List the prime factors of 846.
2, 3, 47
What are the prime factors of 1112?
2, 139
What are the prime factors of 13499?
13499
What are the prime factors of 64950?
2, 3, 5, 433
What are the prime factors of 17273?
23, 751
List the prime factors of 29.
29
List the prime factors of 375.
3, 5
List the prime factors of 472.
2, 59
What are the prime factors of 2114?
2, 7, 151
List the prime fact